+ 9, -8 = -2*q. Let f(l) = 3*l - 6. Let m be f(b). Calculate the greatest common factor of m and 6.
3
Let g(w) = -12*w - 38. Let y be g(-9). Calculate the greatest common divisor of 35 and y.
35
Suppose 0 = -4*i + 3*w + w + 72, -3*w - 75 = -4*i. Suppose 4*a - a = j + 4, 16 = -3*a + 5*j. Calculate the greatest common divisor of a and i.
3
Let r = 79 + -67. Calculate the greatest common factor of r and 18.
6
Let f(q) = -q - 8. Let o be f(-12). Let x(n) = n**3 - 6*n - 3 + n + o*n**2 + 1. Let w be x(-4). Calculate the greatest common divisor of w and 12.
6
Suppose 3*n = 3*m + 8 + 52, 2*m = 8. Suppose 4*w - 19 = 125. Calculate the highest common factor of n and w.
12
Let t be (-2)/(-6) - (-173)/3. Suppose -s + 23 = -t. Suppose 0 = -5*d - 3*b + 57, 4*d + 3 = 3*b + 27. Calculate the highest common factor of s and d.
9
Let k be 60/(-18)*108/(-10). Let t(g) = g**2 - 3*g - 8. Let w be t(7). Let a = -11 + w. Calculate the greatest common divisor of k and a.
9
Let a = 301 - 156. What is the greatest common divisor of a and 29?
29
Suppose -265 = -10*b + 175. What is the greatest common factor of b and 4?
4
Let b(m) = m**2 - 2. Let z = -7 + 1. Let x be b(z). Suppose 3*w = 2*o + 275, -x = w + 2*o - 139. Calculate the highest common divisor of w and 38.
19
Let y(n) be the second derivative of n**4/12 + n**2/2 + 6*n. Let w be y(-3). Calculate the highest common divisor of 40 and w.
10
Let z = 6 + 0. Suppose -3 - 7 = -2*l. Suppose l*s + 0*s - 331 = -i, -4*s + 261 = -3*i. What is the greatest common divisor of s and z?
6
Suppose 3*o - 3*z - 35 = 2*o, 0 = 5*o - z - 105. Let j be (16/6)/(2/3). What is the greatest common factor of j and o?
4
Suppose 8*m = 4*m + 20. Let a(k) = -4*k**2 + k**3 + 3*k - 6*k - 1 - 6. Let b be a(m). Calculate the highest common divisor of b and 2.
1
Let n be 3/18 - 34/(-12). Suppose -3*y + 5*s + 8 = -0*y, n*y + 5*s + 32 = 0. Let c be (-20 - (-3 - y))/(-1). Calculate the greatest common divisor of 3 and c.
3
Let x = 44 + -26. Let c = 13 - 4. Calculate the highest common factor of c and x.
9
Let t(h) = 4*h**2 + h + 3. Let k be t(-5). Calculate the greatest common divisor of k and 14.
14
Let f = 73 + -18. Let s = 87 + -82. Calculate the highest common divisor of s and f.
5
Let b be 9 - -3*(-1 - -2). Let o(l) = 4*l**2 - 3*l + 2. Let s be o(2). What is the highest common divisor of s and b?
12
Let z(y) = -y**2 + 4*y + 4. Let m be z(4). Suppose 162 = j - 3*v, m*j - 3*v - 670 + 4 = 0. What is the highest common factor of 24 and j?
24
Suppose -3*s - 6 = h - 32, 4*h = s. Calculate the greatest common divisor of 2 and s.
2
Suppose 0 = 3*q - 4*q + 33. Calculate the highest common divisor of q and 3.
3
Let h = 124 + -68. Let m = 31 + -3. What is the highest common divisor of m and h?
28
Suppose 3*h + 4*b - 2*b = 31, 2*h = 3*b + 12. Suppose -3*m = f - 17 + 2, -m - 5*f = h. Calculate the highest common factor of 6 and m.
6
Let s be 13 + -3 + (2 - 3). Calculate the highest common divisor of 63 and s.
9
Suppose 4*v - 12 = -3*l, v + 3*v = -4*l + 12. Suppose z = -v*z + 720. Calculate the greatest common factor of z and 18.
18
Suppose 3*o = -4*v + 27, -4*o - 5*v + 17 = -20. Calculate the highest common divisor of 1 and o.
1
Suppose 5*z = -4*u + 293, 2*z + 6 = u - 77. Calculate the greatest common factor of 11 and u.
11
Let o = -157 - -221. Suppose k = -3*k + o. Calculate the highest common divisor of 144 and k.
16
Suppose -4 = -2*n + 2. Suppose -2*s + 1030 = n*s. Suppose -s = -5*x - 0*q + 2*q, 0 = 4*x + q - 157. What is the greatest common divisor of 10 and x?
10
Suppose 10*n - 12*n + 60 = 0. Calculate the highest common divisor of 75 and n.
15
Let i = -5 + 6. Suppose -4 + i = 3*t. Let o be 1 - (t + 3 + -3). Calculate the highest common factor of 4 and o.
2
Let a be -2 + (-4 - -8) + 24. What is the highest common divisor of 104 and a?
26
Let a be -2 + 3 + (0 - -2). Let y = a - -2. Calculate the highest common divisor of y and 1.
1
Let l be (-42)/(-147) + (-271)/(-7). What is the highest common divisor of 429 and l?
39
Let t be ((-1)/(-2))/((-1)/(-10)). Suppose -t*f = 4*q - 24, 5*q - f + 3 = f. Suppose -q + 2 = r. Calculate the highest common divisor of r and 3.
1
Let g(q) = q**2 - 8*q - 6. Let b be g(9). Let w be (-4)/6 + 338/b. What is the greatest common factor of w and 14?
14
Suppose -2*f = f - 3. Calculate the greatest common factor of f and 11.
1
Suppose 5*s - 26 - 29 = 0. Suppose 19 + 3 = 2*c. What is the greatest common factor of s and c?
11
Let f be 5*(-1)/(-5)*14. Suppose 251 + 1 = 2*x. Calculate the highest common divisor of x and f.
14
Let b(r) = r - 6. Let f be b(7). Calculate the highest common factor of f and 2.
1
Suppose w - 5*w = 0. Suppose 2*j - 5*j + 15 = w. Calculate the highest common factor of j and 2.
1
Suppose 0 = -2*y - 0*y + 4. Suppose -y = -n + 16. What is the highest common factor of 72 and n?
18
Suppose -3*s - 3*i = -9, -4*i = 5*s - 1 - 12. Let v be (-6*(1 + -2))/s. What is the highest common divisor of v and 6?
6
Let g(d) = -d + 6. Let m be g(4). Suppose 3*a - h + m - 52 = 0, -4*a = -h - 68. Calculate the greatest common divisor of a and 9.
9
Let b(s) = -s + 10. Let z be b(8). Suppose 3*u - a - 108 = -4*a, z*a = 0. Calculate the greatest common divisor of u and 90.
18
Let o(t) = -t**2 - 2 - 6*t + 3 + 2. Let q be o(-6). Suppose 0 = -5*m - 3*s + 55, 5 = 3*m + q*s - 28. What is the highest common factor of 99 and m?
11
Let q(p) = -p**3 - 5*p**2 - 4*p - 10. Let u be q(-7). What is the highest common divisor of u and 29?
29
Let x(j) = j**3 - 6*j**2 + j + 4. Suppose 5 = 4*c - 23. Let k be x(c). What is the highest common factor of 12 and k?
12
Let q(o) = o**2 - 6*o + 6. Let a be q(10). What is the highest common factor of a and 23?
23
Let v be (-3 - 22/(-6))*6. Suppose -v*q + 28 = -24. Calculate the highest common divisor of 143 and q.
13
Let o(c) = -77*c**3 - c**2 + 1. Let v be o(-1). Let w = -10 - -21. What is the greatest common divisor of w and v?
11
Let c be (-1 - 2) + -10 + 139. Calculate the highest common divisor of 18 and c.
18
Suppose 366 = 4*v - 3*j, 2*j + 88 = v + 3*j. What is the greatest common divisor of v and 9?
9
Let u = 121 - 89. Calculate the greatest common factor of u and 4.
4
Let r be 0*(-1)/(-2) + 10. Suppose g - 23 = -r. Calculate the greatest common factor of 65 and g.
13
Suppose -d - 3*d = -16. Let g be (-240)/(-2) + (d - 7). Calculate the highest common factor of g and 13.
13
Suppose 0 = -r - 5 - 1. Let a = r - -23. Suppose 1 + a = 3*s. Calculate the greatest common factor of 6 and s.
6
Let k be (-4)/(-6)*171/6. What is the highest common factor of 76 and k?
19
Let y be (6/4)/((-9)/(-150)). What is the highest common divisor of y and 25?
25
Let i(f) = 5*f - 4*f**2 - 2*f + f**2. Let a be i(2). Let c be (-32)/(-3)*a/(-4). Calculate the highest common factor of 16 and c.
16
Let c = -61 + 246. Calculate the highest common factor of 37 and c.
37
Let u = -349 - -613. What is the greatest common factor of 24 and u?
24
Let j = 23 - 14. Let u = 26 - 25. What is the greatest common divisor of u and j?
1
Let g be 24/18*(-330)/(-4). Calculate the highest common divisor of g and 10.
10
Suppose 3*z - 17 - 1 = 0. Let p be 1611/2 - 3/z. Suppose -5*n + p = -0*n. What is the greatest common factor of n and 23?
23
Suppose -5*h = -4*h + 4*j - 8, 4*h = 3*j + 70. Let x(p) = 3*p**3 - 3*p**2 - 4*p + 6. Let o be x(3). Calculate the highest common factor of o and h.
16
Suppose -x = -m + 10, -5*m + 22 = 4*x - 1. Calculate the highest common divisor of m and 56.
7
Let q = -295 + 639. Calculate the greatest common divisor of q and 43.
43
Suppose -4*y = -4*t - 92, t + 53 - 4 = 2*y. Let p = 19 + y. Calculate the greatest common divisor of 30 and p.
15
Let p(a) = -3*a**3 - 2*a**2 + a + 2. Let s be (-4)/(-6) - 8/3. Let m be p(s). Suppose -3*w + m = -w. Calculate the highest common factor of w and 24.
8
Suppose -j - i + 12 = 0, -j = -2*i - 0*i - 6. Let z(r) = r**2 - 7*r - 4. Let g be z(j). Calculate the greatest common divisor of 78 and g.
26
Let h = -294 - -558. What is the greatest common factor of h and 33?
33
Suppose 0 = 2*y + 3*g - 61, -y = -2*g + 1 - 49. Calculate the highest common divisor of 418 and y.
38
Suppose 6*w - 8*w + 6 = 0. What is the highest common divisor of 15 and w?
3
Let j be 8*(-2)/(-2) - (1 - 5). What is the hig